
List the prime factors of 2191615.
5, 83, 5281
List the prime factors of 15115582.
2, 89, 84919
What are the prime factors of 7181533?
7181533
What are the prime factors of 1481515?
5, 7, 6047
List the prime factors of 81089.
131, 619
What are the prime factors of 5870164?
2, 19, 77239
What are the prime factors of 6286311?
3, 17, 181, 227
List the prime factors of 642761.
7, 91823
What are the prime factors of 11538363?
3, 151, 25471
List the prime factors of 102025.
5, 7, 11, 53
List the prime factors of 258140.
2, 5, 12907
List the prime factors of 1878906.
2, 3, 313151
List the prime factors of 53481.
3, 17827
List the prime factors of 215080.
2, 5, 19, 283
What are the prime factors of 1185928?
2, 53, 2797
List the prime factors of 259227.
3, 9601
What are the prime factors of 286853?
7, 43, 953
List the prime factors of 73196.
2, 29, 631
What are the prime factors of 8111?
8111
List the prime factors of 1661343.
3, 401, 1381
What are the prime factors of 81537?
3, 27179
What are the prime factors of 376934?
2, 229, 823
List the prime factors of 652608.
2, 3, 11, 103
What are the prime factors of 161051?
11
List the prime factors of 15291.
3, 1699
List the prime factors of 1485587.
37, 40151
What are the prime factors of 570758?
2, 17, 16787
List the prime factors of 1147172.
2, 13, 1697
What are the prime factors of 489662?
2, 103, 2377
What are the prime factors of 5588436?
2, 3, 7, 66529
What are the prime factors of 173744?
2, 10859
List the prime factors of 1471886.
2, 13, 56611
What are the prime factors of 6047088?
2, 3, 53, 2377
What are the prime factors of 10667327?
11, 969757
List the prime factors of 360013.
173, 2081
List the prime factors of 19177.
127, 151
What are the prime factors of 183373?
183373
List the prime factors of 121173.
3, 13, 239
What are the prime factors of 447924?
2, 3, 163, 229
List the prime factors of 141609.
3, 13, 3631
List the prime factors of 453594.
2, 3, 17, 4447
List the prime factors of 13407824.
2, 199, 4211
List the prime factors of 551900.
2, 5, 5519
What are the prime factors of 243817?
7, 61, 571
List the prime factors of 373701.
3, 124567
List the prime factors of 3798583.
3798583
What are the prime factors of 2584793?
67, 173, 223
What are the prime factors of 73671?
3, 13, 1889
What are the prime factors of 9390?
2, 3, 5, 313
List the prime factors of 170239.
170239
What are the prime factors of 1505286?
2, 3, 241, 347
List the prime factors of 25153525.
5, 37, 71, 383
List the prime factors of 486384.
2, 3, 10133
List the prime factors of 30652.
2, 79, 97
List the prime factors of 4876385.
5, 975277
List the prime factors of 126373.
13, 9721
List the prime factors of 1186281.
3, 89, 1481
What are the prime factors of 1212406?
2, 13, 17, 211
What are the prime factors of 122213?
7, 13, 17, 79
List the prime factors of 284450.
2, 5, 5689
What are the prime factors of 31519582?
2, 83, 189877
What are the prime factors of 12262264?
2, 7, 218969
What are the prime factors of 489850?
2, 5, 97, 101
What are the prime factors of 2097894?
2, 3, 31, 11279
What are the prime factors of 1262431?
41, 751
List the prime factors of 17310130.
2, 5, 1731013
What are the prime factors of 5172653?
5172653
What are the prime factors of 195502?
2, 239, 409
What are the prime factors of 783289?
13, 89, 677
List the prime factors of 477061.
13, 36697
List the prime factors of 3532465.
5, 257, 2749
What are the prime factors of 754229?
7, 107747
What are the prime factors of 4840253?
11, 440023
What are the prime factors of 1097441?
1097441
What are the prime factors of 210771?
3, 11, 2129
What are the prime factors of 32971297?
3347, 9851
What are the prime factors of 56700?
2, 3, 5, 7
List the prime factors of 17573905.
5, 1567, 2243
What are the prime factors of 3494070?
2, 3, 5, 12941
What are the prime factors of 26073666?
2, 3, 31, 46727
List the prime factors of 1173745.
5, 234749
List the prime factors of 62951.
7, 17, 23
List the prime factors of 14983945.
5, 2996789
List the prime factors of 2305315.
5, 31, 107, 139
What are the prime factors of 13523515?
5, 2704703
List the prime factors of 5538289.
5538289
List the prime factors of 104075.
5, 23, 181
List the prime factors of 167504.
2, 19, 29
List the prime factors of 12152465.
5, 13, 31, 37, 163
List the prime factors of 692031.
3, 389, 593
What are the prime factors of 7113277?
19, 71, 5273
List the prime factors of 25851936.
2, 3, 11, 24481
List the prime factors of 10284056.
2, 1285507
What are the prime factors of 12820569?
3, 4273523
What are the prime factors of 423685?
5, 84737
List the prime factors of 1446.
2, 3, 241
List the prime factors of 2949925.
5, 11, 17, 631
What are the prime factors of 2271023?
37, 61379
List the prime factors of 20715821.
7, 2959403
List the prime factors of 1420778.
2, 710389
What are the prime factors of 77585?
5, 59, 263
List the prime factors of 2758863.
3, 919621
List the prime factors of 130482.
2, 3, 11, 659
What are the prime factors of 280125?
3, 5, 83
List the prime factors of 828952.
2, 103619
List the prime factors of 22982068.
2, 5745517
List the prime factors of 7178392.
2, 13, 23, 3001
What are the prime factors of 1424798?
2, 631, 1129
What are the prime factors of 16357615?
5, 31, 105533
List the prime factors of 319241.
13, 1889
List the prime factors of 430399.
23, 18713
List the prime factors of 153374.
2, 13, 17, 347
List the prime factors of 2781133.
2781133
What are the prime factors of 2894206?
2, 7, 61, 3389
What are the prime factors of 77204?
2, 19301
List the prime factors of 7693928.
2, 11, 17, 37, 139
What are the prime factors of 7106906?
2, 3553453
What are the prime factors of 616876?
2, 13, 11863
What are the prime factors of 119399?
7, 37, 461
List the prime factors of 40368.
2, 3, 29
List the prime factors of 1018165.
5, 269, 757
What are the prime factors of 589625?
5, 53, 89
What are the prime factors of 522723?
3, 174241
List the prime factors of 1085585.
5, 217117
List the prime factors of 653530.
2, 5, 65353
What are the prime factors of 35791724?
2, 277, 32303
What are the prime factors of 126069?
3, 42023
What are the prime factors of 198475?
5, 17, 467
List the prime factors of 135615.
3, 5, 9041
What are the prime factors of 2572872?
2, 3, 23, 59, 79
List the prime factors of 16065948.
2, 3, 769, 1741
What are the prime factors of 435768?
2, 3, 67, 271
What are the prime factors of 4755455?
5, 951091
What are the prime factors of 217405?
5, 43481
List the prime factors of 1855722.
2, 3, 11, 31, 907
What are the prime factors of 486509?
486509
What are the prime factors of 5945737?
7, 849391
List the prime factors of 15418918.
2, 19, 199, 2039
What are the prime factors of 321096?
2, 3, 17, 787
List the prime factors of 9018755.
5, 17, 106103
What are the prime factors of 874239?
3, 83, 3511
What are the prime factors of 238954?
2, 157, 761
List the prime factors of 10265801.
7, 13, 97, 1163
List the prime factors of 4679254.
2, 2339627
What are the prime factors of 2527796?
2, 59, 10711
List the prime factors of 11994031.
7, 37, 46309
What are the prime factors of 995257?
491, 2027
List the prime factors of 5557197.
3, 419, 4421
List the prime factors of 659453.
659453
List the prime factors of 371907.
3, 31, 43
What are the prime factors of 1108802?
2, 19, 29179
List the prime factors of 11550921.
3, 797, 4831
List the prime factors of 25997693.
419, 62047
What are the prime factors of 135822?
2, 3, 22637
List the prime factors of 741951.
3, 7, 11777
List the prime factors of 455729.
37, 109, 113
What are the prime factors of 617454?
2, 3, 34303
List the prime factors of 1147856.
2, 71741
List the prime factors of 79422.
2, 3, 7, 31, 61
List the prime factors of 326057.
326057
List the prime factors of 2050812.
2, 3, 17, 1117
List the prime factors of 15596422.
2, 1627, 4793
What are the prime factors of 90884?
2, 22721
What are the prime factors of 6231532?
2, 1557883
What are the prime factors of 625532?
2, 17, 9199
What are the prime factors of 14082767?
1163, 12109
List the prime factors of 721362.
2, 3, 109, 1103
What are the prime factors of 568289?
568289
What are the prime factors of 194650?
2, 5, 17, 229
What are the prime factors of 199559?
199559
W